{"id":4567,"date":"2020-02-15T10:36:10","date_gmt":"2020-02-15T13:36:10","guid":{"rendered":"https:\/\/the7.io\/logistics\/?page_id=12"},"modified":"2025-10-03T10:14:54","modified_gmt":"2025-10-03T13:14:54","slug":"quienes-somos","status":"publish","type":"page","link":"https:\/\/transportesezquerra.com.ar\/index.php\/quienes-somos\/","title":{"rendered":"Quienes Somos"},"content":{"rendered":"\t\t<div data-elementor-type=\"wp-page\" data-elementor-id=\"4567\" class=\"elementor elementor-4567\" data-elementor-post-type=\"page\">\n\t\t\t\t\t\t<section class=\"elementor-section elementor-top-section elementor-element elementor-element-ec6b5d1 elementor-section-boxed elementor-section-height-default elementor-section-height-default\" data-id=\"ec6b5d1\" data-element_type=\"section\" data-e-type=\"section\">\n\t\t\t\t\t\t<div class=\"elementor-container elementor-column-gap-wider\">\n\t\t\t\t\t<div class=\"elementor-column elementor-col-50 elementor-top-column elementor-element elementor-element-4a01ed9\" data-id=\"4a01ed9\" data-element_type=\"column\" data-e-type=\"column\">\n\t\t\t<div class=\"elementor-widget-wrap elementor-element-populated\">\n\t\t\t\t\t\t<div class=\"elementor-element elementor-element-f749493 elementor-widget elementor-widget-heading\" data-id=\"f749493\" data-element_type=\"widget\" data-e-type=\"widget\" data-widget_type=\"heading.default\">\n\t\t\t\t<div class=\"elementor-widget-container\">\n\t\t\t\t\t<h3 class=\"elementor-heading-title elementor-size-default\">TRANSPORTES EZQUERRA <br> <br>\nBuenos Aires - El Calafate - El Chalten<\/h3>\t\t\t\t<\/div>\n\t\t\t\t<\/div>\n\t\t\t\t<div class=\"elementor-element elementor-element-aba421c elementor-widget-divider--separator-type-pattern elementor-widget-divider--view-line elementor-widget elementor-widget-divider\" data-id=\"aba421c\" data-element_type=\"widget\" data-e-type=\"widget\" data-widget_type=\"divider.default\">\n\t\t\t\t<div class=\"elementor-widget-container\">\n\t\t\t\t\t\t\t<div class=\"elementor-divider\" style=\"--divider-pattern-url: url(&quot;data:image\/svg+xml,%3Csvg xmlns=&#039;http:\/\/www.w3.org\/2000\/svg&#039; preserveAspectRatio=&#039;none&#039; overflow=&#039;visible&#039; height=&#039;100%&#039; viewBox=&#039;0 0 20 16&#039; fill=&#039;none&#039; stroke=&#039;black&#039; stroke-width=&#039;3&#039; stroke-linecap=&#039;square&#039; stroke-miterlimit=&#039;10&#039;%3E%3Cg transform=&#039;translate(-12.000000, 0)&#039;%3E%3Cpath d=&#039;M28,0L10,18&#039;\/%3E%3Cpath d=&#039;M18,0L0,18&#039;\/%3E%3Cpath d=&#039;M48,0L30,18&#039;\/%3E%3Cpath d=&#039;M38,0L20,18&#039;\/%3E%3C\/g%3E%3C\/svg%3E&quot;);\">\n\t\t\t<span class=\"elementor-divider-separator\">\n\t\t\t\t\t\t<\/span>\n\t\t<\/div>\n\t\t\t\t\t\t<\/div>\n\t\t\t\t<\/div>\n\t\t\t\t<div class=\"elementor-element elementor-element-50db0df elementor-widget elementor-widget-text-editor\" data-id=\"50db0df\" data-element_type=\"widget\" data-e-type=\"widget\" data-widget_type=\"text-editor.default\">\n\t\t\t\t<div class=\"elementor-widget-container\">\n\t\t\t\t\t\t\t\t\t<p style=\"font-weight: 400;\"><strong>TRANSPORTES EZQUERRA<\/strong> es una empresa con m\u00e0s de 40 a\u00f1os de trayectoria.<\/p><p style=\"font-weight: 400;\">Somos\u00a0\u00a0EL\u00a0<strong>UNICO<\/strong>\u00a0transporte que tiene servicio\u00a0<strong>DIRECTO EL CALAFATE &#8211; CHALTEN &#8211; BUENOS AIRES.<\/strong><\/p><p style=\"font-weight: 400;\">Desde nuestros inicios, hemos apostado a ofrecer el mejor servicio y a una pol\u00edtica de inversi\u00f3n permanente en Estructura, Tecnolog\u00eda y Recursos Humanos.<\/p><p style=\"font-weight: 400;\">Nuestra flota se compone\u00a0\u00a03 unidades 0km,\u00a0\u00a0que trabajan las 24 horas para brindarle un servicio puntual, seguro y eficiente. Contamos con 2 dep\u00f3sitos propios en El CALAFATE\u00a0y\u00a0\u00a0BUENOS AIRES<\/p><p style=\"font-weight: 400;\">Trabajan en forma permanente en <strong>TRANSPORTES EZQUERRA<\/strong> m\u00e1s de 10 empleados, incluyendo personal operativo, administrativo y conductores.<\/p><p style=\"font-weight: 400;\">Los env\u00edos que manejamos a diario, tienen un seguimiento individual de cada bulto. Nuestra flota de veh\u00edculos es monitoreada en cualquier punto del pa\u00eds a trav\u00e9s de un sistema de seguimiento satelital.<\/p>\t\t\t\t\t\t\t\t<\/div>\n\t\t\t\t<\/div>\n\t\t\t\t\t<\/div>\n\t\t<\/div>\n\t\t\t\t<div class=\"elementor-column elementor-col-50 elementor-top-column elementor-element elementor-element-0b9f793\" data-id=\"0b9f793\" data-element_type=\"column\" data-e-type=\"column\">\n\t\t\t<div class=\"elementor-widget-wrap elementor-element-populated\">\n\t\t\t\t\t\t<div class=\"elementor-element elementor-element-3855721 elementor-widget elementor-widget-image\" data-id=\"3855721\" data-element_type=\"widget\" data-e-type=\"widget\" data-widget_type=\"image.default\">\n\t\t\t\t<div class=\"elementor-widget-container\">\n\t\t\t\t\t\t\t\t\t\t\t\t\t\t\t<img decoding=\"async\" src=\"https:\/\/transportesezquerra.com.ar\/wp-content\/uploads\/elementor\/thumbs\/camiones-nuevos02-rcnxz4ogz3k0olb39frlcinn35cbno1mrhzqr8g30g.jpg\" title=\"Transportes Ezquerra\" alt=\"Transportes Ezquerra\" loading=\"lazy\" \/>\t\t\t\t\t\t\t\t\t\t\t\t\t\t\t<\/div>\n\t\t\t\t<\/div>\n\t\t\t\t\t<\/div>\n\t\t<\/div>\n\t\t\t\t\t<\/div>\n\t\t<\/section>\n\t\t\t\t<\/div>\n\t\t","protected":false},"excerpt":{"rendered":"<p>TRANSPORTES EZQUERRA Buenos Aires &#8211; El Calafate &#8211; El Chalten TRANSPORTES EZQUERRA es una empresa con m\u00e0s de 40 a\u00f1os de trayectoria. Somos\u00a0\u00a0EL\u00a0UNICO\u00a0transporte que tiene servicio\u00a0DIRECTO EL CALAFATE &#8211; CHALTEN &#8211; BUENOS AIRES. Desde nuestros inicios, hemos apostado a ofrecer el mejor servicio y a una pol\u00edtica de inversi\u00f3n permanente en Estructura, Tecnolog\u00eda y Recursos&hellip;<\/p>\n","protected":false},"author":1,"featured_media":0,"parent":0,"menu_order":20,"comment_status":"closed","ping_status":"closed","template":"","meta":{"_joinchat":[],"footnotes":""},"class_list":["post-4567","page","type-page","status-publish","hentry"],"_links":{"self":[{"href":"https:\/\/transportesezquerra.com.ar\/index.php\/wp-json\/wp\/v2\/pages\/4567","targetHints":{"allow":["GET"]}}],"collection":[{"href":"https:\/\/transportesezquerra.com.ar\/index.php\/wp-json\/wp\/v2\/pages"}],"about":[{"href":"https:\/\/transportesezquerra.com.ar\/index.php\/wp-json\/wp\/v2\/types\/page"}],"author":[{"embeddable":true,"href":"https:\/\/transportesezquerra.com.ar\/index.php\/wp-json\/wp\/v2\/users\/1"}],"replies":[{"embeddable":true,"href":"https:\/\/transportesezquerra.com.ar\/index.php\/wp-json\/wp\/v2\/comments?post=4567"}],"version-history":[{"count":19,"href":"https:\/\/transportesezquerra.com.ar\/index.php\/wp-json\/wp\/v2\/pages\/4567\/revisions"}],"predecessor-version":[{"id":6194,"href":"https:\/\/transportesezquerra.com.ar\/index.php\/wp-json\/wp\/v2\/pages\/4567\/revisions\/6194"}],"wp:attachment":[{"href":"https:\/\/transportesezquerra.com.ar\/index.php\/wp-json\/wp\/v2\/media?parent=4567"}],"curies":[{"name":"wp","href":"https:\/\/api.w.org\/{rel}","templated":true}]}}